 is the highest common factor of 62 and 341?
31
What is the highest common divisor of 4608 and 128?
128
Calculate the highest common factor of 81 and 1728.
27
What is the highest common divisor of 1469 and 3277?
113
Calculate the highest common divisor of 225 and 7275.
75
Calculate the highest common divisor of 470 and 250.
10
Calculate the highest common divisor of 7 and 9849.
7
Calculate the greatest common factor of 68140 and 20.
20
Calculate the greatest common factor of 4984 and 840.
56
Calculate the highest common divisor of 385 and 110.
55
What is the highest common divisor of 1962 and 36?
18
What is the highest common factor of 63 and 399?
21
Calculate the highest common divisor of 72 and 4.
4
What is the greatest common factor of 3760 and 80?
80
Calculate the highest common factor of 238 and 136.
34
Calculate the greatest common factor of 11096 and 456.
152
Calculate the greatest common divisor of 88 and 66.
22
What is the highest common factor of 1792 and 7?
7
Calculate the highest common factor of 136 and 12.
4
Calculate the greatest common factor of 378 and 16.
2
What is the highest common divisor of 14 and 1834?
14
Calculate the greatest common factor of 4280 and 320.
40
Calculate the highest common factor of 4 and 338.
2
Calculate the greatest common divisor of 184 and 8.
8
What is the highest common factor of 102 and 4794?
102
Calculate the greatest common divisor of 36 and 45.
9
What is the highest common factor of 122 and 1403?
61
Calculate the greatest common divisor of 507 and 3.
3
What is the greatest common factor of 256 and 9664?
64
What is the greatest common factor of 306 and 204?
102
What is the highest common divisor of 1 and 7387?
1
Calculate the greatest common divisor of 516 and 24.
12
What is the greatest common factor of 22017 and 123?
123
What is the greatest common divisor of 465 and 75?
15
What is the greatest common factor of 74 and 9694?
74
What is the greatest common divisor of 49 and 3?
1
Calculate the greatest common divisor of 12 and 232.
4
Calculate the highest common divisor of 490 and 70.
70
What is the greatest common factor of 3740 and 33?
11
Calculate the highest common factor of 496 and 176.
16
What is the greatest common factor of 154 and 22946?
154
What is the greatest common factor of 88 and 1188?
44
Calculate the highest common factor of 110 and 990.
110
Calculate the greatest common factor of 128 and 160.
32
Calculate the highest common factor of 69 and 12.
3
Calculate the highest common divisor of 16 and 8.
8
What is the greatest common factor of 29 and 3161?
29
Calculate the greatest common factor of 8 and 256.
8
What is the greatest common divisor of 1677 and 429?
39
Calculate the highest common factor of 970 and 97.
97
What is the highest common factor of 15 and 60?
15
Calculate the highest common divisor of 16 and 5196.
4
Calculate the highest common divisor of 1053 and 520.
13
What is the highest common divisor of 24 and 120?
24
What is the highest common divisor of 32 and 296?
8
What is the highest common factor of 172 and 43?
43
Calculate the highest common factor of 286 and 25454.
286
What is the greatest common divisor of 7 and 2359?
7
What is the greatest common factor of 375 and 15?
15
Calculate the highest common factor of 1460 and 12118.
146
What is the highest common divisor of 142 and 13774?
142
Calculate the greatest common divisor of 172 and 3999.
43
Calculate the highest common factor of 5267 and 46.
23
Calculate the greatest common divisor of 381 and 4.
1
Calculate the greatest common factor of 84 and 126.
42
Calculate the greatest common factor of 4819 and 158.
79
Calculate the highest common divisor of 24 and 568.
8
What is the highest common divisor of 48096 and 167?
167
What is the greatest common factor of 3225 and 2451?
129
Calculate the greatest common divisor of 1 and 75.
1
What is the highest common divisor of 46759 and 38?
19
What is the highest common factor of 4 and 1228?
4
What is the highest common divisor of 221 and 323?
17
What is the highest common factor of 7 and 28994?
7
What is the greatest common factor of 800 and 864?
32
Calculate the highest common divisor of 77 and 7.
7
What is the greatest common divisor of 2625 and 21?
21
What is the greatest common factor of 102 and 187?
17
What is the greatest common factor of 551 and 29?
29
Calculate the greatest common divisor of 65 and 715.
65
What is the greatest common divisor of 16 and 10760?
8
Calculate the highest common factor of 205 and 697.
41
Calculate the highest common factor of 1107 and 2460.
123
What is the greatest common divisor of 48874 and 28?
14
What is the greatest common divisor of 14 and 9464?
14
Calculate the greatest common divisor of 128 and 48.
16
What is the highest common divisor of 16 and 144?
16
Calculate the greatest common factor of 300 and 70.
10
What is the highest common divisor of 4848 and 144?
48
What is the greatest common divisor of 2662 and 22?
22
Calculate the highest common factor of 102 and 4998.
102
What is the greatest common factor of 2 and 94?
2
Calculate the greatest common factor of 28 and 252.
28
What is the greatest common factor of 6036 and 12?
12
What is the highest common factor of 49 and 1232?
7
Calculate the highest common divisor of 27 and 225.
9
Calculate the highest common factor of 66 and 3762.
66
Calculate the greatest common factor of 10 and 65.
5
Calculate the greatest common divisor of 400 and 300.
100
Calculate the greatest common factor of 3025 and 220.
55
Calculate the greatest common factor of 12 and 54.
6
Calculate the greatest common factor of 167 and 1.
1
Calculate the highest common divisor of 10 and 305.
5
What is the greatest common factor of 112 and 5264?
112
Calculate the greatest common divisor of 329 and 611.
47
What is the highest common divisor of 13 and 2197?
13
Calculate the greatest common divisor of 8 and 904.
8
Calculate the greatest common factor of 42 and 7098.
42
What is the greatest common factor of 14 and 3108?
14
What is the highest common factor of 525 and 18725?
175
Calculate the highest common divisor of 48 and 51.
3
What is the greatest common factor of 31 and 1829?
31
What is the highest common divisor of 3542 and 308?
154
Calculate the greatest common factor of 3268 and 228.
76
Calculate the greatest common factor of 63 and 14.
7
What is the highest common divisor of 34 and 16490?
34
Calculate the highest common divisor of 854 and 1403.
61
What is the highest common factor of 44 and 550?
22
What is the greatest common factor of 5 and 53?
1
What is the highest common divisor of 522 and 290?
58
What is the highest common factor of 825 and 198?
33
Calculate the highest common factor of 202 and 2.
2
What is the greatest common divisor of 18 and 2241?
9
Calculate the highest common divisor of 399 and 105.
21
What is the highest common divisor of 88 and 3784?
88
Calculate the highest common divisor of 1111 and 66.
11
Calculate the greatest common divisor of 14 and 1792.
14
Calculate the greatest common factor of 24393 and 94.
47
What is the greatest common divisor of 144 and 4608?
144
Calculate the highest common divisor of 26 and 47294.
26
What is the highest common divisor of 3 and 1041?
3
What is the highest common factor of 57 and 133?
19
Calculate the greatest common divisor of 400 and 320.
80
Calculate the highest common factor of 10011 and 141.
141
What is the greatest common factor of 48 and 336?
48
What is the highest common factor of 168 and 231?
21
Calculate the highest common factor of 1452 and 60.
12
Calculate the greatest common factor of 13 and 14261.
13
Calculate the greatest common divisor of 45 and 81.
9
What is the highest common factor of 2912 and 156?
52
Calculate the highest common factor of 1404 and 156.
156
What is the highest common factor of 8234 and 46?
46
What is the highest common divisor of 505 and 50?
5
Calculate the greatest common factor of 204 and 84.
12
What is the highest common divisor of 1843 and 304?
19
Calculate the highest common factor of 25259 and 268.
67
Calculate the greatest common divisor of 5341 and 196.
49
What is the greatest common divisor of 55 and 885?
5
Calculate the highest common divisor of 130 and 5785.
65
Calculate the highest common factor of 267 and 3293.
8